{"id":83,"date":"2012-11-16T15:06:09","date_gmt":"2012-11-16T13:06:09","guid":{"rendered":"http:\/\/petski.tainas.ee\/?page_id=83"},"modified":"2012-11-16T15:29:59","modified_gmt":"2012-11-16T13:29:59","slug":"ledi-juhtimine","status":"publish","type":"page","link":"https:\/\/priit.ati.ttu.ee\/?page_id=83","title":{"rendered":"LEDi juhtimine"},"content":{"rendered":"<p>&nbsp;<\/p>\n<h3>\u00dclesanne<\/h3>\n<p>Koosta programm, mis v\u00e4ljastab igale LEDile 2-sisendiga loogikaventiili v\u00e4\u00e4rtuse l\u00e4htuvalt DIP l\u00fclitite olekust. Loogikaventiilid mida simuleerida vali ise (AND, NAND, OR, NOR, XOR, XNOR). Simuleeri nelja loogikaventiili.<\/p>\n<h3>Lahenduse kirjeldus<\/h3>\n<p>DIP1 ning DIP2 on m\u00e4\u00e4ratud simuleerima loogikafunktsiooni 2-AND. J\u00e4relikult l\u00fclitub LED DS1 sisse ainult juhul, kui m\u00f5lemad DIP l\u00fclitid on olekus ON.<\/p>\n<h3>Lisamaterjal<\/h3>\n<p>2-sisendiga loogikaelementide t\u00f5ev\u00e4\u00e4rtustabel.<\/p>\n<table style=\"border: solid black 1.0pt;\" width=\"200\" border=\"1\" >\n<tbody>\n<tr>\n<td style=\"border: solid black 1.0pt;\">A<\/td>\n<td style=\"border: solid black 1.0pt;\">B<\/td>\n<td style=\"border: solid black 1.0pt;\">AND<\/td>\n<td style=\"border: solid black 1.0pt;\">NAND<\/td>\n<td style=\"border: solid black 1.0pt;\">OR<\/td>\n<td style=\"border: solid black 1.0pt;\">NOR<\/td>\n<td style=\"border: solid black 1.0pt;\">XOR<\/td>\n<td style=\"border: solid black 1.0pt;\">XNOR<\/td>\n<\/tr>\n<tr>\n<td style=\"border: solid black 1.0pt;\">0<\/td>\n<td style=\"border: solid black 1.0pt;\">0<\/td>\n<td style=\"border: solid black 1.0pt;\">0<\/td>\n<td style=\"border: solid black 1.0pt;\">1<\/td>\n<td style=\"border: solid black 1.0pt;\">0<\/td>\n<td style=\"border: solid black 1.0pt;\">1<\/td>\n<td style=\"border: solid black 1.0pt;\">0<\/td>\n<td style=\"border: solid black 1.0pt;\">1<\/td>\n<\/tr>\n<tr>\n<td style=\"border: solid black 1.0pt;\">0<\/td>\n<td style=\"border: solid black 1.0pt;\">1<\/td>\n<td style=\"border: solid black 1.0pt;\">0<\/td>\n<td style=\"border: solid black 1.0pt;\">1<\/td>\n<td style=\"border: solid black 1.0pt;\">1<\/td>\n<td style=\"border: solid black 1.0pt;\">0<\/td>\n<td style=\"border: solid black 1.0pt;\">1<\/td>\n<td style=\"border: solid black 1.0pt;\">0<\/td>\n<\/tr>\n<tr>\n<td style=\"border: solid black 1.0pt;\">1<\/td>\n<td style=\"border: solid black 1.0pt;\">0<\/td>\n<td style=\"border: solid black 1.0pt;\">0<\/td>\n<td style=\"border: solid black 1.0pt;\">1<\/td>\n<td style=\"border: solid black 1.0pt;\">1<\/td>\n<td style=\"border: solid black 1.0pt;\">0<\/td>\n<td style=\"border: solid black 1.0pt;\">1<\/td>\n<td style=\"border: solid black 1.0pt;\">0<\/td>\n<\/tr>\n<tr>\n<td style=\"border: solid black 1.0pt;\">1<\/td>\n<td style=\"border: solid black 1.0pt;\">1<\/td>\n<td style=\"border: solid black 1.0pt;\">1<\/td>\n<td style=\"border: solid black 1.0pt;\">0<\/td>\n<td style=\"border: solid black 1.0pt;\">1<\/td>\n<td style=\"border: solid black 1.0pt;\">0<\/td>\n<td style=\"border: solid black 1.0pt;\">0<\/td>\n<td style=\"border: solid black 1.0pt;\">1<\/td>\n<\/tr>\n<\/tbody>\n<\/table>\n","protected":false},"excerpt":{"rendered":"<p>&nbsp; \u00dclesanne Koosta programm, mis v\u00e4ljastab igale LEDile 2-sisendiga loogikaventiili v\u00e4\u00e4rtuse l\u00e4htuvalt DIP l\u00fclitite olekust. Loogikaventiilid mida simuleerida vali ise (AND, NAND, OR, NOR, XOR, XNOR). Simuleeri nelja loogikaventiili. Lahenduse kirjeldus DIP1 ning DIP2 on m\u00e4\u00e4ratud simuleerima loogikafunktsiooni 2-AND. J\u00e4relikult l\u00fclitub LED DS1 sisse ainult juhul, kui m\u00f5lemad DIP l\u00fclitid on olekus ON. Lisamaterjal 2-sisendiga [&#8230;]<\/p>\n","protected":false},"author":1,"featured_media":0,"parent":75,"menu_order":0,"comment_status":"closed","ping_status":"closed","template":"","meta":[],"_links":{"self":[{"href":"https:\/\/priit.ati.ttu.ee\/index.php?rest_route=\/wp\/v2\/pages\/83"}],"collection":[{"href":"https:\/\/priit.ati.ttu.ee\/index.php?rest_route=\/wp\/v2\/pages"}],"about":[{"href":"https:\/\/priit.ati.ttu.ee\/index.php?rest_route=\/wp\/v2\/types\/page"}],"author":[{"embeddable":true,"href":"https:\/\/priit.ati.ttu.ee\/index.php?rest_route=\/wp\/v2\/users\/1"}],"replies":[{"embeddable":true,"href":"https:\/\/priit.ati.ttu.ee\/index.php?rest_route=%2Fwp%2Fv2%2Fcomments&post=83"}],"version-history":[{"count":14,"href":"https:\/\/priit.ati.ttu.ee\/index.php?rest_route=\/wp\/v2\/pages\/83\/revisions"}],"predecessor-version":[{"id":108,"href":"https:\/\/priit.ati.ttu.ee\/index.php?rest_route=\/wp\/v2\/pages\/83\/revisions\/108"}],"up":[{"embeddable":true,"href":"https:\/\/priit.ati.ttu.ee\/index.php?rest_route=\/wp\/v2\/pages\/75"}],"wp:attachment":[{"href":"https:\/\/priit.ati.ttu.ee\/index.php?rest_route=%2Fwp%2Fv2%2Fmedia&parent=83"}],"curies":[{"name":"wp","href":"https:\/\/api.w.org\/{rel}","templated":true}]}}