{"id":77,"date":"2012-11-16T15:02:43","date_gmt":"2012-11-16T13:02:43","guid":{"rendered":"http:\/\/petski.tainas.ee\/?page_id=77"},"modified":"2012-11-16T16:10:20","modified_gmt":"2012-11-16T14:10:20","slug":"naidisulesande-modifikatsioon","status":"publish","type":"page","link":"http:\/\/priit.ati.ttu.ee\/?page_id=77","title":{"rendered":"N\u00e4idis\u00fclesande modifikatsioon"},"content":{"rendered":"<h3>Eeldus<\/h3>\n<p>Saada aru tarkvara peat\u00fckis kirjeldatud programmi n\u00e4idiskoodist. M\u00f5ista sisendite ning v\u00e4ljundite kasutamist ning v\u00e4ljundeid realiseerivate funktsioonide t\u00f6\u00f6p\u00f5him\u00f5tteid.<\/p>\n<h3>\u00dclesanne<\/h3>\n<p>Muuta n\u00e4idisprogrammi koodi nii, et 7-segmendi indikaatori esimene segment (segm_char0) n\u00e4itaks DIP l\u00fclitite summat. Teine segment peab olema olekus NULL ehk ei p\u00f5le. Ning kolmas segment peab n\u00e4itama mitmendat korda summeerimist teostatakse (punkt kaasa arvatud). LEDidele v\u00e4ljastada DIP l\u00fclititelt saadud summa 4ga jagamisel tulev j\u00e4\u00e4k. Summa ning j\u00e4\u00e4gi vastus v\u00e4ljastatakse alles p\u00e4rast surunupu BTN vajutamist.<\/p>\n<h3>Lahenduse kirjeldus<\/h3>\n<p>DIP l\u00fclitid seatakse soovitud olekusse. Seej\u00e4rel vajutatakse BTN surunuppu. Selle tagaj\u00e4rjel v\u00e4ljastatakse 7-segmendile DIP l\u00fclitite summa ning summeerimise kordade arv ja LEDidele summa j\u00e4\u00e4k jagamisel 4.ga. J\u00e4rgmise summa saamiseks korratakse eelnevat.<\/p>\n<h3>M\u00e4rkus<\/h3>\n<p>DIP l\u00fclitid saavad omada kahte olekus ON &amp; OFF. ON t\u00e4hendab, et l\u00fcliti v\u00e4\u00e4rtuseks on 1 ning OFF, et l\u00fcliti v\u00e4\u00e4rtuseks on 0. J\u00e4relikult vastab iga DIP l\u00fcliti v\u00e4\u00e4rtus olekus ON v\u00e4\u00e4rtusele 1.<\/p>\n","protected":false},"excerpt":{"rendered":"<p>Eeldus Saada aru tarkvara peat\u00fckis kirjeldatud programmi n\u00e4idiskoodist. M\u00f5ista sisendite ning v\u00e4ljundite kasutamist ning v\u00e4ljundeid realiseerivate funktsioonide t\u00f6\u00f6p\u00f5him\u00f5tteid. \u00dclesanne Muuta n\u00e4idisprogrammi koodi nii, et 7-segmendi indikaatori esimene segment (segm_char0) n\u00e4itaks DIP l\u00fclitite summat. Teine segment peab olema olekus NULL ehk ei p\u00f5le. Ning kolmas segment peab n\u00e4itama mitmendat korda summeerimist teostatakse (punkt kaasa arvatud). LEDidele [&#8230;]<\/p>\n","protected":false},"author":1,"featured_media":0,"parent":75,"menu_order":0,"comment_status":"closed","ping_status":"closed","template":"","meta":[],"_links":{"self":[{"href":"http:\/\/priit.ati.ttu.ee\/index.php?rest_route=\/wp\/v2\/pages\/77"}],"collection":[{"href":"http:\/\/priit.ati.ttu.ee\/index.php?rest_route=\/wp\/v2\/pages"}],"about":[{"href":"http:\/\/priit.ati.ttu.ee\/index.php?rest_route=\/wp\/v2\/types\/page"}],"author":[{"embeddable":true,"href":"http:\/\/priit.ati.ttu.ee\/index.php?rest_route=\/wp\/v2\/users\/1"}],"replies":[{"embeddable":true,"href":"http:\/\/priit.ati.ttu.ee\/index.php?rest_route=%2Fwp%2Fv2%2Fcomments&post=77"}],"version-history":[{"count":7,"href":"http:\/\/priit.ati.ttu.ee\/index.php?rest_route=\/wp\/v2\/pages\/77\/revisions"}],"predecessor-version":[{"id":173,"href":"http:\/\/priit.ati.ttu.ee\/index.php?rest_route=\/wp\/v2\/pages\/77\/revisions\/173"}],"up":[{"embeddable":true,"href":"http:\/\/priit.ati.ttu.ee\/index.php?rest_route=\/wp\/v2\/pages\/75"}],"wp:attachment":[{"href":"http:\/\/priit.ati.ttu.ee\/index.php?rest_route=%2Fwp%2Fv2%2Fmedia&parent=77"}],"curies":[{"name":"wp","href":"https:\/\/api.w.org\/{rel}","templated":true}]}}