{"id":1976,"date":"2016-08-24T13:54:05","date_gmt":"2016-08-24T11:54:05","guid":{"rendered":"http:\/\/priit.ati.ttu.ee\/?page_id=1976"},"modified":"2017-12-13T10:22:41","modified_gmt":"2017-12-13T08:22:41","slug":"kodutoo-ii-suntees","status":"publish","type":"page","link":"http:\/\/priit.ati.ttu.ee\/?page_id=1976","title":{"rendered":"Kodut\u00f6\u00f6 II s\u00fcntees"},"content":{"rendered":"<h2>Tunnit\u00f6\u00f6<\/h2>\n<ul>\n<li>Lae alla <a href=\"http:\/\/priit.ati.ttu.ee\/digisys\/digisys_kodutoo2_synth.zip\" target=\"_blank\">Kodut\u00f6\u00f6 II n\u00e4idis\u00fclesande projekt<\/a> s\u00fcnteesimiseks (sisaldab olulist infot kasutatava FPGA kohta!)<\/li>\n<li>Sisesta (kopeeri) oma lahendus n\u00e4idisprojekti<\/li>\n<li>Ava <a href=\"http:\/\/priit.ati.ttu.ee\/?page_id=1269\" target=\"_blank\">Abimaterjalide<\/a> all olev juhend s\u00fcnteesitud koodi laadimiseks FPGAle<\/li>\n<li>Lae projekt Nexys3 FPGAle, mille saad \u00f5ppej\u00f5ult<\/li>\n<li>Testi nuppude ning l\u00fclititega koodi ning veendu korrektses t\u00f6\u00f6s<\/li>\n<li>Tagasta FPGA plaat<\/li>\n<li>T\u00e4ida \u00e4ra test V\n<ul>\n<li><a href=\"https:\/\/goo.gl\/forms\/0dawhHjsRPXa597o2\" target=\"_blank\">Neljap\u00e4ev 17:45<\/a><\/li>\n<li><a href=\"https:\/\/goo.gl\/forms\/J9VgdIejsgaYLyiE2\" target=\"_blank\">Reede 10:00<\/a><\/li>\n<li><a href=\"https:\/\/goo.gl\/forms\/IdU0g0Ts79yZTQoB2\" target=\"_blank\">Reede 14:00<\/a><\/li>\n<li><a href=\"https:\/\/goo.gl\/forms\/oLJhfpMrS67DwHBI2\" target=\"_blank\">Teisip\u00e4ev 17:45<\/a><\/li>\n<li><a href=\"https:\/\/goo.gl\/forms\/1ujFBT8DhvcYRMNf2\" target=\"_blank\">Kolmap\u00e4ev 10:00<\/a><\/li>\n<\/ul>\n<\/li>\n<\/ul>\n<h2>FPGA kasutaja-piirangute fail<\/h2>\n<p>UCF fail (nagu ka eelnevalt mainitud) sisaldab infot FPGA ressursside, nende asukohta ning kasutaja poolt m\u00e4\u00e4ratud nimede kohta. Antud n\u00e4idisprojektis on kasutuses 3 l\u00fclitit, 1 surunupp ning 4 LEDi. LEDid kuvavad v\u00e4ljundeid alustades parempoolsest. Kolm parempoolset l\u00fclitit on sisendid ning keskmine surunupp simuleerib taktigeneraaroti t\u00f6\u00f6d.<\/p>\n","protected":false},"excerpt":{"rendered":"<p>Tunnit\u00f6\u00f6 Lae alla Kodut\u00f6\u00f6 II n\u00e4idis\u00fclesande projekt s\u00fcnteesimiseks (sisaldab olulist infot kasutatava FPGA kohta!) Sisesta (kopeeri) oma lahendus n\u00e4idisprojekti Ava Abimaterjalide all olev juhend s\u00fcnteesitud koodi laadimiseks FPGAle Lae projekt Nexys3 FPGAle, mille saad \u00f5ppej\u00f5ult Testi nuppude ning l\u00fclititega koodi ning veendu korrektses t\u00f6\u00f6s Tagasta FPGA plaat T\u00e4ida \u00e4ra test V Neljap\u00e4ev 17:45 Reede 10:00 [&#8230;]<\/p>\n","protected":false},"author":1,"featured_media":0,"parent":1246,"menu_order":0,"comment_status":"closed","ping_status":"closed","template":"","meta":[],"_links":{"self":[{"href":"http:\/\/priit.ati.ttu.ee\/index.php?rest_route=\/wp\/v2\/pages\/1976"}],"collection":[{"href":"http:\/\/priit.ati.ttu.ee\/index.php?rest_route=\/wp\/v2\/pages"}],"about":[{"href":"http:\/\/priit.ati.ttu.ee\/index.php?rest_route=\/wp\/v2\/types\/page"}],"author":[{"embeddable":true,"href":"http:\/\/priit.ati.ttu.ee\/index.php?rest_route=\/wp\/v2\/users\/1"}],"replies":[{"embeddable":true,"href":"http:\/\/priit.ati.ttu.ee\/index.php?rest_route=%2Fwp%2Fv2%2Fcomments&post=1976"}],"version-history":[{"count":17,"href":"http:\/\/priit.ati.ttu.ee\/index.php?rest_route=\/wp\/v2\/pages\/1976\/revisions"}],"predecessor-version":[{"id":2624,"href":"http:\/\/priit.ati.ttu.ee\/index.php?rest_route=\/wp\/v2\/pages\/1976\/revisions\/2624"}],"up":[{"embeddable":true,"href":"http:\/\/priit.ati.ttu.ee\/index.php?rest_route=\/wp\/v2\/pages\/1246"}],"wp:attachment":[{"href":"http:\/\/priit.ati.ttu.ee\/index.php?rest_route=%2Fwp%2Fv2%2Fmedia&parent=1976"}],"curies":[{"name":"wp","href":"https:\/\/api.w.org\/{rel}","templated":true}]}}