{"id":1815,"date":"2015-10-28T15:56:33","date_gmt":"2015-10-28T13:56:33","guid":{"rendered":"http:\/\/priit.ati.ttu.ee\/?page_id=1815"},"modified":"2017-10-12T00:22:33","modified_gmt":"2017-10-11T22:22:33","slug":"kodutoo-i-suntees-fpgale","status":"publish","type":"page","link":"http:\/\/priit.ati.ttu.ee\/?page_id=1815","title":{"rendered":"Kodut\u00f6\u00f6 I s\u00fcntees FPGAle"},"content":{"rendered":"<h2>Tunnit\u00f6\u00f6<\/h2>\n<ul>\n<li>Lae alla <a href=\"http:\/\/priit.ati.ttu.ee\/digisys\/digisys_kodutoo1_synth.zip\" target=\"_blank\">Kodut\u00f6\u00f6 I n\u00e4idis\u00fclesande projekt<\/a> s\u00fcnteesimiseks (sisaldab olulist infot kasutatava FPGA kohta!)<\/li>\n<li>Sisesta (kopeeri) oma lahendused n\u00e4idisprojekti (TT, espresso, optimeeritud kood)<\/li>\n<li>S\u00fcnteesi projektis kaks lahendust (n\u00e4iteks TT ja optimeeritud kood)<\/li>\n<li>Ava <a href=\"http:\/\/priit.ati.ttu.ee\/?page_id=1269\" target=\"_blank\">Abimaterjalide<\/a> all olev Adept 2 juhend s\u00fcnteesitud koodi laadimiseks FPGAle<\/li>\n<li>Lae projekt Nexys3 FPGAle, mille saad \u00f5ppej\u00f5ult<\/li>\n<li>Testi nuppude ning l\u00fclititega koodi korrektsust\n<ul>\n<li>Veendu programmi korrektsuses esialgse t\u00f5ev\u00e4\u00e4rtustabeli alusel<\/li>\n<\/ul>\n<\/li>\n<li>Tagasta FPGA plaat<\/li>\n<li><a href=\"https:\/\/goo.gl\/forms\/Kvy0ncaR9dFdV7A32\" target=\"_blank\">Registreeri meeskond praktikumi \u00fclesande jaoks<\/a><\/li>\n<li>T\u00e4ida \u00e4ra test II (tulemust ei saa parandada):\n<ul>\n<li><a href=\"https:\/\/goo.gl\/forms\/jlUNj2TWl4QyJIei1\" target=\"_blank\">Neljap\u00e4ev 17:45<\/a><\/li>\n<li><a href=\"https:\/\/goo.gl\/forms\/1Rxw51nn5qbjnbAV2\" target=\"_blank\">Reede 10:00<\/a><\/li>\n<li><a href=\"https:\/\/goo.gl\/forms\/pjnkdbaNUHcHMssh2\" target=\"_blank\">Reede 14:00<\/a><\/li>\n<li><a href=\"https:\/\/goo.gl\/forms\/4Y4wkuRmYTPsjV2h1\" target=\"_blank\">Teisip\u00e4ev 17:45<\/a><\/li>\n<li><a href=\"https:\/\/goo.gl\/forms\/vdXUy00euZKbuydi1\" target=\"_blank\">Kolmap\u00e4ev 10:00<\/a><\/li>\n<\/ul>\n<\/li>\n<\/ul>\n<h2>FPGA kasutaja-piirangute fail<\/h2>\n<p>UCF fail (nagu ka eelnevalt mainitud) sisaldab infot FPGA ressursside, nende asukohta ning kasutaja poolt m\u00e4\u00e4ratud nimede kohta. Antud n\u00e4idisprojektis on kasutuses 4 l\u00fclitit ning 8 LEDi. LEDid kuvavad funktsioonide v\u00e4ljundeid k3,k1, l3,l1, m3, m1 ja l3, l1. V\u00e4ljundid on paigutatud \u00fcksteise k\u00f5rvale, kuna nii on k\u00f5ige lihtsam tulemusi v\u00f5rrelda ehk kas l\u00f5pptulemuses on v\u00f5rreldes esialgse tulemusega tehtud vigu v\u00f5i mitte.<\/p>\n<p><a href=\"http:\/\/priit.ati.ttu.ee\/wp-content\/uploads\/2015\/10\/NEXYS3_hw.jpg\"><img loading=\"lazy\" class=\"alignleft size-full wp-image-1820\" src=\"http:\/\/priit.ati.ttu.ee\/wp-content\/uploads\/2015\/10\/NEXYS3_hw.jpg\" alt=\"NEXYS3_hw\" width=\"496\" height=\"339\" \/><\/a><\/p>\n","protected":false},"excerpt":{"rendered":"<p>Tunnit\u00f6\u00f6 Lae alla Kodut\u00f6\u00f6 I n\u00e4idis\u00fclesande projekt s\u00fcnteesimiseks (sisaldab olulist infot kasutatava FPGA kohta!) Sisesta (kopeeri) oma lahendused n\u00e4idisprojekti (TT, espresso, optimeeritud kood) S\u00fcnteesi projektis kaks lahendust (n\u00e4iteks TT ja optimeeritud kood) Ava Abimaterjalide all olev Adept 2 juhend s\u00fcnteesitud koodi laadimiseks FPGAle Lae projekt Nexys3 FPGAle, mille saad \u00f5ppej\u00f5ult Testi nuppude ning l\u00fclititega koodi [&#8230;]<\/p>\n","protected":false},"author":1,"featured_media":0,"parent":1246,"menu_order":0,"comment_status":"closed","ping_status":"closed","template":"","meta":[],"_links":{"self":[{"href":"http:\/\/priit.ati.ttu.ee\/index.php?rest_route=\/wp\/v2\/pages\/1815"}],"collection":[{"href":"http:\/\/priit.ati.ttu.ee\/index.php?rest_route=\/wp\/v2\/pages"}],"about":[{"href":"http:\/\/priit.ati.ttu.ee\/index.php?rest_route=\/wp\/v2\/types\/page"}],"author":[{"embeddable":true,"href":"http:\/\/priit.ati.ttu.ee\/index.php?rest_route=\/wp\/v2\/users\/1"}],"replies":[{"embeddable":true,"href":"http:\/\/priit.ati.ttu.ee\/index.php?rest_route=%2Fwp%2Fv2%2Fcomments&post=1815"}],"version-history":[{"count":14,"href":"http:\/\/priit.ati.ttu.ee\/index.php?rest_route=\/wp\/v2\/pages\/1815\/revisions"}],"predecessor-version":[{"id":2486,"href":"http:\/\/priit.ati.ttu.ee\/index.php?rest_route=\/wp\/v2\/pages\/1815\/revisions\/2486"}],"up":[{"embeddable":true,"href":"http:\/\/priit.ati.ttu.ee\/index.php?rest_route=\/wp\/v2\/pages\/1246"}],"wp:attachment":[{"href":"http:\/\/priit.ati.ttu.ee\/index.php?rest_route=%2Fwp%2Fv2%2Fmedia&parent=1815"}],"curies":[{"name":"wp","href":"https:\/\/api.w.org\/{rel}","templated":true}]}}