{"id":1642,"date":"2015-09-15T14:46:10","date_gmt":"2015-09-15T12:46:10","guid":{"rendered":"http:\/\/priit.ati.ttu.ee\/?page_id=1642"},"modified":"2016-09-07T13:40:37","modified_gmt":"2016-09-07T10:40:37","slug":"kodutoo-1-ulesande-moistmine","status":"publish","type":"page","link":"http:\/\/priit.ati.ttu.ee\/?page_id=1642","title":{"rendered":"Kodut\u00f6\u00f6 1 tutvustus"},"content":{"rendered":"<h2>Tunni sisu<\/h2>\n<ul>\n<li><a href=\"http:\/\/mini.pld.ttu.ee\/~lrv\/IAY0150\/homework\/homework1.html\" target=\"_blank\">Kodut\u00f6\u00f6 #1 \u00fclesandest<\/a> arusaamine<\/li>\n<li><a href=\"http:\/\/mini.pld.ttu.ee\/~lrv\/IAY0150\/homework\/homework1-example.html\" target=\"_blank\">Kodut\u00f6\u00f6 #1 n\u00e4ite\u00fclesande<\/a> m\u00f5istmine<\/li>\n<\/ul>\n<h2>Kodune t\u00f6\u00f6<\/h2>\n<ul>\n<li>Arvutada v\u00e4lja <strong>enda Kodut\u00f6\u00f6 #1 funktsiooni v\u00e4\u00e4rtused<\/strong> &#8211; j\u00e4rgmises tunnis l\u00e4heb neid vaja!<\/li>\n<\/ul>\n","protected":false},"excerpt":{"rendered":"<p>Tunni sisu Kodut\u00f6\u00f6 #1 \u00fclesandest arusaamine Kodut\u00f6\u00f6 #1 n\u00e4ite\u00fclesande m\u00f5istmine Kodune t\u00f6\u00f6 Arvutada v\u00e4lja enda Kodut\u00f6\u00f6 #1 funktsiooni v\u00e4\u00e4rtused &#8211; j\u00e4rgmises tunnis l\u00e4heb neid vaja!<\/p>\n","protected":false},"author":1,"featured_media":0,"parent":1246,"menu_order":0,"comment_status":"closed","ping_status":"closed","template":"","meta":[],"_links":{"self":[{"href":"http:\/\/priit.ati.ttu.ee\/index.php?rest_route=\/wp\/v2\/pages\/1642"}],"collection":[{"href":"http:\/\/priit.ati.ttu.ee\/index.php?rest_route=\/wp\/v2\/pages"}],"about":[{"href":"http:\/\/priit.ati.ttu.ee\/index.php?rest_route=\/wp\/v2\/types\/page"}],"author":[{"embeddable":true,"href":"http:\/\/priit.ati.ttu.ee\/index.php?rest_route=\/wp\/v2\/users\/1"}],"replies":[{"embeddable":true,"href":"http:\/\/priit.ati.ttu.ee\/index.php?rest_route=%2Fwp%2Fv2%2Fcomments&post=1642"}],"version-history":[{"count":8,"href":"http:\/\/priit.ati.ttu.ee\/index.php?rest_route=\/wp\/v2\/pages\/1642\/revisions"}],"predecessor-version":[{"id":2132,"href":"http:\/\/priit.ati.ttu.ee\/index.php?rest_route=\/wp\/v2\/pages\/1642\/revisions\/2132"}],"up":[{"embeddable":true,"href":"http:\/\/priit.ati.ttu.ee\/index.php?rest_route=\/wp\/v2\/pages\/1246"}],"wp:attachment":[{"href":"http:\/\/priit.ati.ttu.ee\/index.php?rest_route=%2Fwp%2Fv2%2Fmedia&parent=1642"}],"curies":[{"name":"wp","href":"https:\/\/api.w.org\/{rel}","templated":true}]}}